 tens digit of 1942?
4
What is the units digit of 31540?
0
What is the hundreds digit of 1507?
5
What is the units digit of 10157?
7
What is the thousands digit of 15447?
5
What is the hundreds digit of 140174?
1
What is the units digit of 100689?
9
What is the ten thousands digit of 126017?
2
What is the units digit of 2095?
5
What is the tens digit of 47976?
7
What is the hundreds digit of 14767?
7
What is the hundreds digit of 1579?
5
What is the units digit of 24850?
0
What is the hundreds digit of 136?
1
What is the ten thousands digit of 60472?
6
What is the thousands digit of 3788?
3
What is the hundreds digit of 645?
6
What is the tens digit of 36643?
4
What is the tens digit of 1964?
6
What is the units digit of 3267?
7
What is the units digit of 235?
5
What is the ten thousands digit of 84754?
8
What is the units digit of 336?
6
What is the tens digit of 1599?
9
What is the ten thousands digit of 22245?
2
What is the thousands digit of 127527?
7
What is the thousands digit of 10481?
0
What is the thousands digit of 3963?
3
What is the hundred thousands digit of 103074?
1
What is the units digit of 556?
6
What is the tens digit of 375?
7
What is the units digit of 939?
9
What is the thousands digit of 18099?
8
What is the units digit of 4339?
9
What is the thousands digit of 1140?
1
What is the tens digit of 534?
3
What is the tens digit of 212?
1
What is the hundreds digit of 6567?
5
What is the hundreds digit of 1599?
5
What is the tens digit of 29?
2
What is the units digit of 805?
5
What is the thousands digit of 1340?
1
What is the tens digit of 394?
9
What is the thousands digit of 13187?
3
What is the tens digit of 1100?
0
What is the thousands digit of 4421?
4
What is the units digit of 11123?
3
What is the thousands digit of 1202?
1
What is the thousands digit of 45741?
5
What is the units digit of 3036?
6
What is the ten thousands digit of 15975?
1
What is the thousands digit of 1838?
1
What is the units digit of 233?
3
What is the tens digit of 722?
2
What is the ten thousands digit of 13865?
1
What is the thousands digit of 2374?
2
What is the ten thousands digit of 56544?
5
What is the hundreds digit of 8920?
9
What is the tens digit of 51006?
0
What is the hundreds digit of 1027?
0
What is the tens digit of 3159?
5
What is the thousands digit of 18993?
8
What is the hundreds digit of 3925?
9
What is the thousands digit of 5106?
5
What is the hundreds digit of 3753?
7
What is the hundreds digit of 66540?
5
What is the units digit of 450?
0
What is the thousands digit of 4685?
4
What is the units digit of 978?
8
What is the units digit of 5034?
4
What is the units digit of 962?
2
What is the hundreds digit of 431?
4
What is the hundreds digit of 33052?
0
What is the ten thousands digit of 24437?
2
What is the units digit of 612?
2
What is the hundreds digit of 206?
2
What is the thousands digit of 1405?
1
What is the units digit of 71940?
0
What is the thousands digit of 22219?
2
What is the hundreds digit of 52308?
3
What is the hundreds digit of 4544?
5
What is the ten thousands digit of 15170?
1
What is the tens digit of 50027?
2
What is the thousands digit of 37919?
7
What is the thousands digit of 41642?
1
What is the tens digit of 1563?
6
What is the hundreds digit of 1933?
9
What is the thousands digit of 3409?
3
What is the ten thousands digit of 109828?
0
What is the hundreds digit of 237?
2
What is the tens digit of 67591?
9
What is the tens digit of 7719?
1
What is the thousands digit of 1510?
1
What is the hundreds digit of 4007?
0
What is the thousands digit of 95938?
5
What is the units digit of 1253?
3
What is the ten thousands digit of 18806?
1
What is the thousands digit of 9386?
9
What is the units digit of 605?
5
What is the tens digit of 1104?
0
What is the hundreds digit of 20064?
0
What is the thousands digit of 5180?
5
What is the units digit of 947?
7
What is the units digit of 7622?
2
What is the tens digit of 11154?
5
What is the tens digit of 179?
7
What is the thousands digit of 40989?
0
What is the tens digit of 6301?
0
What is the units digit of 9598?
8
What is the thousands digit of 130494?
0
What is the tens digit of 2424?
2
What is the hundreds digit of 11774?
7
What is the hundreds digit of 993?
9
What is the units digit of 74132?
2
What is the tens digit of 3580?
8
What is the tens digit of 9850?
5
What is the ten thousands digit of 17025?
1
What is the hundreds digit of 2852?
8
What is the hundreds digit of 59858?
8
What is the tens digit of 4179?
7
What is the units digit of 645?
5
What is the units digit of 5363?
3
What is the units digit of 11761?
1
What is the units digit of 21461?
1
What is the hundreds digit of 293?
2
What is the hundreds digit of 21461?
4
What is the thousands digit of 46294?
6
What is the hundreds digit of 1490?
4
What is the hundreds digit of 2823?
8
What is the tens digit of 107286?
8
What is the tens digit of 44204?
0
What is the tens digit of 24794?
9
What is the hundreds digit of 857?
8
What is the hundreds digit of 464?
4
What is the tens digit of 1089?
8
What is the units digit of 13793?
3
What is the tens digit of 507?
0
What is the tens digit of 110?
1
What is the tens digit of 809?
0
What is the tens digit of 247?
4
What is the tens digit of 260?
6
What is the units digit of 331?
1
What is the ten thousands digit of 10166?
1
What is the tens digit of 837?
3
What is the hundreds digit of 562?
5
What is the units digit of 48580?
0
What is the tens digit of 2548?
4
What is the tens digit of 1111?
1
What is the tens digit of 1466?
6
What is the hundreds digit of 109523?
5
What is the hundreds digit of 3039?
0
What is the ten thousands digit of 77020?
7
What is the thousands digit of 14684?
4
What is the units digit of 527?
7
What is the units digit of 66111?
1
What is the tens digit of 178?
7
What is the hundreds digit of 6422?
4
What is the units digit of 371?
1
What is the tens digit of 43152?
5
What is the tens digit of 857?
5
What is the hundreds digit of 49520?
5
What is the thousands digit of 23076?
3
What is the units digit of 71?
1
What is the hundreds digit of 7303?
3
What is the hundreds digit of 2920?
9
What is the thousands digit of 6606?
6
What is the thousands digit of 1782?
1
What is the thousands digit of 28055?
8
What is the units digit of 14815?
5
What is the thousands digit of 9066?
9
What is the hundreds digit of 1343?
3
What is the tens digit of 11958?
5
What is the hundreds digit of 9571?
5
What is the hundreds digit of 3713?
7
What is the tens digit of 85197?
9
What is the tens digit of 754?
5
What is the hundreds digit of 1101?
1
What is the thousands digit of 1156?
1
What is the units digit of 69375?
5
What is the units digit of 598?
8
What is the ten thousands digit of 19135?
1
What is the hundreds digit of 19422?
4
What is the tens digit of 586?
8
What is the units digit of 3329?
9
What is the hundreds digit of 1732?
7
What is the tens digit of 11133?
3
What is the hundreds digit of 928?
9
What is the thousands digit of 1291?
1
What is the units digit of 1421?
1
What is the tens digit of 160?
6
What is the ten thousands digit of 49158?
4
What is the units digit of 10039?
9
What is the tens digit of 140680?
8
What is the tens digit of 50206?
0
What is the thousands digit of 1143?
1
What is the tens digit of 6638?
3
What is the units digit of 405?
5
What is the hundreds digit of 2219?
2
What is the hundreds digit of 1602?
6
What is the hundreds digit of 7924?
9
What is the ten thousands digit of 45630?
4
What is the units digit of 79017?
7
What is the units digit of 13?
3
What is the thousands digit of 9178?
9
What is the units digit of 9334?
4
What is the ten thousands digit of 144272?
4
What is the units digit of 532?
2
What is the thousands digit of 6005?
6
What is the units digit of 24607?
7
What is the thousands digit of 3070?
3
What is the tens digit of 89899?
9
What is the tens digit of 22184?
8
What is the units digit of 4001?
1
What is the hundreds digit of 67172?
1
What is the tens digit of 4776?
7
What is the units digit of 573?
3
What is the ten thousands digit of 120156?
2
What is the thousands digit of 1659?
1
What is the hundreds digit of 1560?
5
What is the units digit of 8085?
5
What is the ten thousands digit 